 49. Let d(t) = -69*t**2 + 49*t + 160. Let s(i) = 2*d(i) - 7*u(i). Calculate s(-2).
-15
Let g(u) = -4*u - 1. Let b(o) = -o - 7. Let s be b(-13). Let q(p) = -p + 20. Let k be q(s). Let l(i) = -i + 13. Let y be l(k). What is g(y)?
3
Let l(j) be the first derivative of -j**4/4 - 13*j**3/3 - j**2/2 - 28*j - 409. Calculate l(-13).
-15
Let r(v) = 23*v**2 - 30*v - 4. Let k(s) = -56*s**2 + 74*s + 10. Let p(l) = 7*k(l) + 17*r(l). Let g(b) = 2*b - 2. Let t be g(5). Calculate p(t).
2
Let r(w) = -w**3 - 3*w**2 + w - 8. Let m be -10 - 1 - (-16 - -8). Give r(m).
-11
Let v(g) be the second derivative of -17*g + 1/24*g**4 + 0 - 4*g**2 - 1/10*g**5 - 1/6*g**3. Let t(a) be the first derivative of v(a). Calculate t(1).
-6
Let b(j) = -j**2 - 13*j - 4. Let c = -135 + 97. Let z = c - -26. What is b(z)?
8
Let p(z) = -510*z + 168. Let b(n) = 236*n - 81. Let c(r) = 13*b(r) + 6*p(r). Give c(2).
-29
Let u(s) = s**2 + 7*s - 13. Let o be u(-9). Suppose 0 = o*p + j + 4*j - 20, -2*j = -4. Let g(d) = -25*d - 21*d + 48*d - 2*d**p. Give g(2).
-4
Let q(n) = 2*n**2 - 10*n + 4. Let r(b) = 5*b**2 - 20*b + 7. Suppose 16*s + 33 = 27*s. Let l(o) = s*r(o) - 7*q(o). What is l(-11)?
4
Let z(h) = h**3 - 4*h**2 + 5*h. Let v(u) = 13*u**3 + 2*u**2 - 5*u + 1. Let a be v(-3). Let t = 321 + a. Calculate z(t).
20
Let l(c) be the second derivative of 0 - 3/2*c**2 - 84*c - 3/2*c**3 - 1/12*c**4. Determine l(-9).
-3
Let v(x) = -2*x**3 + 12*x**2 - 15*x + 23. Let o be v(5). Let t(m) = -33*m + 3. What is t(o)?
69
Let s(l) = -7*l + 4 - 2 + 1. Let d = 14725 - 14728. What is s(d)?
24
Let w(t) be the first derivative of -t**6/60 - t**4/24 + t**3/6 + 5*t**2/2 - 26*t + 273. Let l(r) be the second derivative of w(r). Determine l(-2).
19
Let m(z) be the second derivative of -1/12*z**4 + 12*z + 5/6*z**3 - 3/2*z**2 - 1. Give m(4).
1
Suppose 56*g - 3*g - 727 = 333. Let i(m) be the second derivative of 1/2*m**2 + 0 + g*m + 1/6*m**3. Determine i(-8).
-7
Let u(x) = -x**3 - 3*x**2 - 5*x - 11. Let n(z) = -z**2 - 731*z - 5072. Let l be n(-7). Determine u(l).
25
Suppose -949 - 761 = -9*w. Let l = w - 182. Let p(j) = -j. What is p(l)?
-8
Let h(m) = -m - 3. Let n(o) = 2*o + 7. Let p(t) = -5*h(t) - 3*n(t). Let s = 6405 + -6411. Determine p(s).
0
Let r(t) = -2*t**2 + 120*t + 21. Let h(o) = -2*o**2 + 160*o + 28. Let z(d) = 7*h(d) - 9*r(d). What is z(-10)?
7
Let d(k) = -k**2 - 10*k - 5. Suppose 4*i - 13 = -1. Suppose 3*t - 2*t = -4*h - 33, -i*h = 3*t + 27. What is d(h)?
11
Let x(q) = -8*q + 1. Let i(r) = 10*r - 5. Let n(b) = 23*b - 12. Let g(p) = -5*i(p) + 2*n(p). Let z(u) = 2*g(u) - 3*x(u). Give z(1).
15
Let c(b) = -b**2 - 14*b + 5. Let h be 4/(-8)*34 - -3. Let p be c(h). Let q(r) = -r. Let f(t) = -6*t + 7. Let y(n) = f(n) - 4*q(n). Calculate y(p).
-3
Let z(v) be the second derivative of v**4/12 - 5*v**3/6 - 4*v**2 - 1988*v - 2. Calculate z(5).
-8
Let a be 5/(-3) + (1 - 0)/(-3) - -8. Let j(f) = -4*f**2 + 25*f + 25. Give j(a).
31
Suppose -4*w - 11*p = -9*p - 886, 0 = 4*w + 4*p - 880. Let x(u) = -118*u + w*u - 106*u - 1. Calculate x(0).
-1
Suppose 3*r - 11 = -2*c, -4*r + 17 = 12*c - 9*c. Let m(o) = 6*o**2 - 41*o**2 + o**3 + 15*o**2 + 13*o**2. Give m(c).
0
Let q(n) = n**3 - 2*n**2 + n - 1. Let r = -23 + 18. Let f(c) = c**2 + 7*c + 12. Let u be f(r). Suppose 2*l - u*s = -2, 5*s = -2*l + 9 + 10. Give q(l).
1
Let d(b) = 4*b**2 - 12*b - 2. Let y(o) = 8*o**2 - 28*o - 5. Let u(m) = 7*d(m) - 3*y(m). What is u(2)?
17
Suppose w + 3 = 3*y, w - 8*y + 10 = -12*y. Let o(s) be the third derivative of s**4/4 + s**3 - 22*s**2. Determine o(w).
-30
Let z(c) = 9*c + 2. Suppose -63*n + 134 = 4*n. Calculate z(n).
20
Suppose 0 = -4*x - 2*l - l + 12, -12 = -4*x - l. Let y(w) = 9*w - 4*w**2 + 6 - w**3 + 2*w**2 + 4 - 8*w + x*w**2. What is y(0)?
10
Let s(a) be the first derivative of 3*a**2/2 + 88*a + 1791. Calculate s(-25).
13
Suppose -15 = 3*z + 3*w, -5*z + 6*w - 55 = w. Let q = z - -3. Let o(k) be the first derivative of k**2/2 + 3*k - 194. Give o(q).
-2
Suppose k + 18 = 5*n, 0 = 546*n - 544*n - 2*k - 20. Let g(f) be the second derivative of -7/6*f**3 + 0 + 6*f - 2*f**n. Calculate g(-4).
24
Let i(o) = -7*o**2 - 10*o - 72. Let x(m) = 10*m**2 + m + 73. Let w(z) = -3*i(z) - 2*x(z). Determine w(-25).
-5
Let l(s) = s**3 + 5*s**2 - s - 7. Suppose -5*n = -15, -3*c + 5*n - 95 = -8*c. Suppose 8 = -2*b + c. Let q be b/2 + -4 + (-1 - 2). Calculate l(q).
-2
Let b(x) = -10*x**3 + 40*x**2 + 37*x + 31. Let s(a) = -3*a**3 + 12*a**2 + 12*a + 10. Let k(c) = 2*b(c) - 7*s(c). Give k(6).
4
Let b(p) = -p**3 - 3*p**2 + 2*p + 7. Suppose -5071*u - 63 = -5050*u. Give b(u).
1
Suppose 52 = -24*b + 74 + 626. Let a(h) be the third derivative of 0 + 0*h - 1/24*h**4 - b*h**2 - 1/3*h**3. Determine a(5).
-7
Let m(v) be the third derivative of v**5/30 - v**4/24 - v**3/6 + 3920*v**2. Give m(-2).
9
Let w(x) = 3*x**3 - x**2 + 86*x + 1. Let d(z) = 15*z + 1. Let u(k) = -6*d(k) + w(k). Determine u(-2).
-25
Let o be (-4 - 2)*((-52)/8 + 4). Let d be (81/o - 5)*-15*-1. Let b(c) = 4*c + 6. What is b(d)?
30
Let h(n) = 3*n**2 - 42*n + 15. Let g(b) = b**2 - 23*b. Let c(j) = 2*g(j) - h(j). What is c(-7)?
-36
Suppose 0 = -14*l - 3*l - 204. Let s = l - -22. Let z(o) = -o**3 + 11*o**2 - 11*o + 3. Determine z(s).
-7
Suppose 25*g + 685 - 365 = 5*g. Let k(w) = -5*w + 26. What is k(g)?
106
Let x(p) = -9*p + 3. Let o(i) = 3*i**2 + 27*i - 12. Let n(a) = -o(a) - 3*x(a). What is n(3)?
-24
Let t(i) = -i**3 - 13*i**2 - 25*i - 9. Suppose 6*v + 42 = 3*r, 70*v - 71*v = 4*r + 43. Give t(v).
24
Let v(r) = r**3 + 4*r**2 - 3*r - 10. Let t be v(-5). Let c(l) = l**2 + 18*l - 36. Let o be c(t). Let z(m) = 5 - 1 + m - 8. Give z(o).
0
Let v(f) = f**2 + 8*f + 6. Let t = -11070 - -11064. Determine v(t).
-6
Let z(i) = -i**2 - 15*i - 43. Let r be z(-10). Let o be r + -3 + 1/(-1). Let p(v) = v + v**2 - 41*v**3 + 42*v**o - 2*v - 4. Give p(0).
-4
Let q(s) be the third derivative of s**4/24 + 3*s**3/2 - 567*s**2. Give q(3).
12
Let q(s) = s**3 - 32*s**2 - 31*s - 30. Let r be q(33). Let l(y) = 35*y + 6*y - y**2 - r*y + 6. Calculate l(6).
0
Suppose 5*c - 2*q + 5*q = 567, q = -5*c + 559. Let t(g) = -6*g + 226 + 18*g - c - 116. What is t(-3)?
-37
Let n(w) be the first derivative of w**3/3 + 9*w**2 - 61*w + 251. Calculate n(-21).
2
Let w(t) be the third derivative of -7*t**4/12 + t**3/6 + 713*t**2. What is w(2)?
-27
Let c(j) = -j + 6. Let y(h) = 3*h + 17. Let a be y(-5). Suppose 4*r - 133 = a*w + 3, -5*r + 340 = -5*w. Let u = w - -74. What is c(u)?
0
Let x(y) = -y**3 + y**2 + y + 14. Let w(t) = t**3 + 6*t**2 - 18*t + 11. Let i be w(-9). Let q be 46 - (4 + -1) - 1. Let l be 6/(-10) - q/i. Give x(l).
14
Let b = -842 + 847. Suppose -4*r + 7 = c - 7*r, -r + b = -4*c. Let j(v) = v + 8. Determine j(c).
6
Let b(m) be the second derivative of m**5/20 + 7*m**4/6 + m**3/6 + 15*m**2/2 - 82*m + 29. Calculate b(-14).
1
Let q = -23337 + 23340. Let y(w) = 39*w - 11. What is y(q)?
106
Let z(l) = l**2 - 9*l + 10. Let x be -21*((-130)/(-3))/((-4)/6). Suppose -2*o + x = 1355. What is z(o)?
-10
Let r(z) = 4*z**3 + 4*z**2 + 4*z - 1. Suppose -230*k = 246 - 80 + 294. Give r(k).
-25
Let b(x) be the second derivative of -x**4/12 + 2*x**3/3 + 3*x**2 + 7*x - 3. Suppose -d = -0*d + m - 4, -4*d - 2*m = -18. Determine b(d).
1
Let h(z) = -26*z - 132. Let d be h(-5). Let p(x) = 7*x**2 - 13*x - 6. Let s(j) = 3*j**2 - 6*j - 3. Let a(g) = 4*p(g) - 9*s(g). Determine a(d).
3
Let b(l) = l**3 - 9*l**2 - 23*l + 12. Let c be b(11). Let j(p) = -p - 5. Let n(r) = -3*r - 9. Suppose h - 3*h = -14. Let w(z) = h*j(z) - 4*n(z). What is w(c)?
6
Let t(y) = y + 8. Let z = -78 - -76. Let h be t(z). Let m(k) = -k**3 + 6*k**2 + 2. Let o be m(h). Let x(d) = d**2 + 3*d - 3. Give x(o).
7
Let w(x) = 29*x - 82. Let b be w(3). Let r(c) = -2*c**2 - 2*c**2 - 8 - c**3 + 4 + b. Calculate r(-4).
1
Let s(p) = p + 1. Let d = -90 + 92. Suppose 5*q + 4*z + 11 = -2, -q - z = d. Give s(q).
-4
Let x(i) = i**3 - 3*i**2 + 1. Let m = 192 + -90. Let o = 82 - m. Let f = 23 + o. Give x(f).
1
Let h = 27 + 84. Let d = 110 - h. Let c(u) = 23*u**3 + 2*u**2 + 2*u + 1. What is c(d)?
-22
Suppose 3*p - 2*q - 19 = 0, 0 = -p - 0*p - 3*q - 1. Let c(j) = -j**3 + 4*j - 9*j + 9*j + p*j**2. Suppose 4*v = 3*d + 12, 3*v + 2*d = -v + 32. Calculate c(v).
-12
Let d(j) = 19 - 20*j - 149 - 13 - 138 - 12*j. What is d(-9)?
7
Let z(